culate the greatest common factor of 72 and k.
9
Let y(h) = -4*h. Let f be y(-2). Let g be 0 - (-1 + f)*-2. Let i = g + -10. What is the greatest common factor of 44 and i?
4
Suppose 0*i = 3*i - 24. Suppose i*f = 9*f - 3. Calculate the greatest common divisor of f and 6.
3
Suppose -r + 5 = 3. Let v = r + -1. Calculate the greatest common divisor of v and 1.
1
Let b be (-5)/(-10) - 30/4. Let z(o) = 8*o - o - 4*o**2 - 2*o**3 + o**3 + 7 - 2*o. Let y be z(b). What is the greatest common factor of 17 and y?
17
Suppose 5 = -w + 2*m, 2*w + 0 + 1 = m. Calculate the greatest common factor of 3 and w.
1
Let a(d) = -d**2 - 9*d - 6. Let j be a(-6). Let k = 39 - 19. Suppose 0 = -4*r + k, -3*b - 3*r + 15 + 54 = 0. Calculate the greatest common divisor of b and j.
6
Let j = 11 + -2. Suppose -j = -2*h - h. What is the greatest common factor of 3 and h?
3
Let t = 10 - 8. Suppose -2*n + t*d = -222, 0 = -2*n - d + 239 - 20. Calculate the greatest common divisor of 10 and n.
10
Let o be 10 + (1 - 0 - 1). Let d = -11 + 8. Let q be 76/5 + d/15. What is the highest common factor of q and o?
5
Let x be (2 - (2 - 1))*0. Suppose x = -7*i + 3*i + 328. Suppose 0 = j - 17 - i. Calculate the highest common factor of j and 9.
9
Let u(z) = 2*z - 6. Let h be u(11). What is the greatest common factor of 64 and h?
16
Let z = -1 - -6. Suppose 4*i - z*c - 2 - 2 = 0, 3*i = -2*c + 26. Calculate the highest common divisor of i and 2.
2
Suppose a + 2*z - 26 = -0*a, z = -4*a + 90. Suppose 440 = -3*y + 8*y. What is the greatest common factor of y and a?
22
Suppose -18 - 17 = -5*p. Let z(a) = -a + 1. Let g be z(-6). Let i = 0 + g. What is the greatest common factor of i and p?
7
Let h be 4/(-12)*60/(-1). Suppose -v + 2*z + 3 - 10 = 0, 2*v - 1 = z. Let b be 2/v*-10*-30. Calculate the highest common divisor of h and b.
20
Let s(q) = 0 - 5 + 3 + q - 3. Let n be s(6). Let m be 23/4*4*n. What is the highest common factor of m and 69?
23
Let r be 18/(-63) + (-340)/(-14). Calculate the highest common divisor of r and 36.
12
Let j = -8 - -18. Let x = -75 - -185. Calculate the highest common factor of x and j.
10
Let m(x) = -4*x + 63. Let q be m(9). Let p = 17 + -8. Calculate the highest common divisor of q and p.
9
Suppose -4*w + w + 180 = 0. What is the highest common factor of 12 and w?
12
Suppose -33 = -4*r - 1. Calculate the greatest common factor of r and 8.
8
Let r(k) = -8*k - 4. Let v be r(-2). Suppose 11 = 2*b - b. Let c = 23 - b. Calculate the highest common divisor of c and v.
12
Let y = 127 + 2. What is the greatest common factor of y and 43?
43
Suppose -2*w + 6*w = -j + 20, 4*w + 60 = j. What is the greatest common divisor of j and 5?
5
Let z be 759/24 + 3/8. Calculate the highest common factor of z and 4.
4
Let s(q) = q**2 - 3. Let i be s(4). What is the greatest common factor of 13 and i?
13
Suppose s = 3*x + 22, 5*x + 3*s + 1 = -17. Let f = 5 - x. What is the highest common divisor of 55 and f?
11
Let v be (-7)/(-35) + ((-18)/(-10) - 0). Calculate the highest common factor of 8 and v.
2
Suppose -r + 8 = r. Let u be 562/7 + r/(-14). Calculate the highest common factor of u and 16.
16
Let h(r) = r**2 + 12*r + 11. Let t be h(-13). Let b be (-52)/(-6) - (-6)/(-9). What is the greatest common factor of b and t?
8
Let c be 9/(-3) + 0 + 75. What is the highest common factor of c and 12?
12
Let x = 3 + 1. Suppose -n + 36 = 2*r + n, 0 = -x*r + 5*n + 54. What is the highest common divisor of r and 8?
8
Let r(h) = 14*h**2 - 2*h + 1. Let q be r(1). Suppose -2*f = -y + 23, 8*f - 4*f + 20 = 0. Calculate the greatest common divisor of q and y.
13
Let y(d) = d**2 - d + 100. Let w be y(0). What is the greatest common factor of 40 and w?
20
Let z(n) = -n**3 + 7*n**2 - n + 9. Let l be z(7). Suppose 3*d - 100 = -l*d. What is the greatest common factor of 30 and d?
10
Let q be ((-60)/16)/(6/(-16)). Calculate the greatest common factor of q and 4.
2
Suppose 0 = t + 3 - 7. Let w be (-7)/(-28) + 299/t. What is the highest common factor of 30 and w?
15
Let y be (6/(-5))/((-6)/15). Suppose -2*o + y*o - 6 = 0. Calculate the highest common divisor of o and 6.
6
Suppose -285 = -9*f + 1290. Let k(n) = 2*n**2 + 8*n + 1. Let j be k(-6). What is the greatest common factor of f and j?
25
Suppose 0 = 5*b - 2*h - 2*h - 3, -3*h + 9 = 0. Suppose -4*d + 6*d - 3*p - 11 = 0, 0 = -b*p + 15. Calculate the greatest common factor of 13 and d.
13
Suppose 0*n - 16 = -4*n. Suppose n*l + 495 = -89. Let x = -91 - l. What is the highest common divisor of 11 and x?
11
Let d be (-4)/((-16)/(-28))*24/(-14). Calculate the greatest common factor of d and 36.
12
Suppose -12*v - 280 = -19*v. Calculate the highest common factor of v and 5.
5
Suppose 5*y - 5 = 5*o, 1 + 8 = 3*y + 3*o. Calculate the highest common divisor of y and 14.
2
Suppose -2*c + 13 = -1. Calculate the highest common factor of c and 7.
7
Let l(y) = 385*y. Let w be l(2). Suppose 4*a + a - w = 0. Suppose 5*k + 3*f = 64, 0 = -4*k + f - 6*f + 46. What is the greatest common divisor of k and a?
14
Let i = -5 - -11. What is the highest common factor of 15 and i?
3
Let o be 352/66 - 2/6. What is the highest common divisor of 1 and o?
1
Let g = 12 - 8. Suppose -g*f + 3*f = -88. Let u be (-1)/(-1) + 7 + 0. Calculate the highest common factor of u and f.
8
Suppose -5*j + 10 = -4*n, 0 = 3*j - n - 0*n + 1. Let k be -273*-2*j/(-12). What is the greatest common divisor of k and 13?
13
Let n = -8 - -41. Suppose -4*a + 0*h + h = -n, -2*a + 17 = -h. What is the highest common divisor of a and 8?
8
Suppose 0*p = 2*p + 4*n - 14, n + 9 = 2*p. Suppose -15 = -p*x + 5*d + 5, 5*x - 20 = 3*d. What is the greatest common divisor of 36 and x?
4
Let d be 7/2*(14 - 0). Suppose -d = -5*h - 9. Let z be (-1)/1*1*-12. Calculate the greatest common divisor of z and h.
4
Suppose -48 = -2*k + k. Calculate the greatest common divisor of k and 16.
16
Suppose 5*x - o + 5*o = 111, -5*x - 3*o = -107. Calculate the greatest common divisor of x and 95.
19
Let s be -2 - -2 - 1/(-1). Calculate the highest common divisor of 3 and s.
1
Let u(b) = -2 + 16*b**3 + 9*b - 5*b**2 - 15*b**3 - 3*b**2 - 3. Let v be u(7). What is the highest common factor of v and 18?
9
Suppose -4*j = -g - 17, 19 = 4*j + g - 4*g. Suppose 37 = i - 0*i - 5*z, -58 = -j*i + 2*z. What is the highest common divisor of i and 4?
4
Let b(r) = r**2 - 4*r + 10. Let m be b(4). What is the highest common factor of m and 30?
10
Let m be (2 + 3/(-2))*26. What is the greatest common factor of 104 and m?
13
Let a = 137 + -53. What is the greatest common factor of 21 and a?
21
Let d(j) = 3*j**2 + 6*j - 5. Let k(x) = -5*x + 5. Let i be k(2). Let l be d(i). Calculate the highest common factor of l and 60.
20
Let z(i) = -i + 0 - 1 + 7. Let r be z(5). Let u = 2 + r. Calculate the greatest common divisor of 6 and u.
3
Let k be (-1)/2 - (-21)/2. Let y(j) = -4*j + 20. Let w be y(4). Calculate the highest common factor of k and w.
2
Suppose 3*s = -4*z - 17, 0 = -4*s - 14 + 2. Let t be 2/(-1) + (-14)/z. Let f(j) = 4*j - 7. Let r be f(t). Calculate the greatest common factor of 91 and r.
13
Suppose 32 = 4*q - 2*n - 0*n, -5*n = 10. Suppose t - 77 = -0*z + 5*z, -t + 77 = -3*z. What is the greatest common factor of q and t?
7
Let d = 46 - 31. What is the highest common factor of d and 15?
15
Suppose -435 - 53 = -2*m. Let p = m + -83. Suppose 2*o - 4*o + 4*k + 62 = 0, -2*o + 50 = -k. Calculate the highest common factor of o and p.
23
Suppose -2*m - 57 + 11 = -4*g, -35 = -5*g - 2*m. Suppose k = 5*n + 30, -3*n - k = -3 + 13. Let l = n + 32. What is the greatest common factor of g and l?
9
Let b(l) = -l - 12. Let w be b(0). Let v be (w/10)/((-6)/220). Suppose 5*n + 2*o + 25 - 74 = 0, -o + 41 = 4*n. Calculate the highest common factor of n and v.
11
Let b be 0 + -7 - (-2 + 5). Let w = 21 + b. Suppose g - w = 19. Calculate the greatest common divisor of 15 and g.
15
Let a be -1*(4 - 2) + 13. Calculate the highest common factor of a and 121.
11
Let j(z) = z**3 - 4*z**2 + 5*z - 6. Let r be j(5). Let y = 151 - 129. Calculate the highest common divisor of y and r.
22
Let f be (-6)/(-8) - 303/(-12). Calculate the highest common divisor of f and 52.
26
Let o(c) = c + 9. Let p be o(-6). Let m be (-4)/(-14) - 276/(-14). Suppose 50 = 5*r - p*b, b + 3*b = m. Calculate the greatest c